1?
169
Calculate the remainder when 552 is divided by 551.
1
What is the remainder when 78647 is divided by 245?
2
Calculate the remainder when 100207 is divided by 1194.
1105
What is the remainder when 14391 is divided by 1742?
455
Calculate the remainder when 468 is divided by 163.
142
What is the remainder when 72740 is divided by 63?
38
Calculate the remainder when 68349 is divided by 3597.
6
Calculate the remainder when 11579485 is divided by 184.
181
What is the remainder when 7151394 is divided by 854?
852
What is the remainder when 10676 is divided by 56?
36
What is the remainder when 474458 is divided by 28?
26
Calculate the remainder when 11546 is divided by 2764.
490
What is the remainder when 13063 is divided by 4234?
361
Calculate the remainder when 1581 is divided by 26.
21
Calculate the remainder when 7773 is divided by 1935.
33
Calculate the remainder when 43474 is divided by 1664.
210
Calculate the remainder when 1236010 is divided by 137334.
4
Calculate the remainder when 68500 is divided by 68458.
42
What is the remainder when 1553 is divided by 47?
2
What is the remainder when 13574 is divided by 1482?
236
What is the remainder when 12387 is divided by 826?
823
What is the remainder when 2942 is divided by 923?
173
Calculate the remainder when 8339 is divided by 319.
45
Calculate the remainder when 10278 is divided by 437.
227
Calculate the remainder when 21402 is divided by 549.
540
What is the remainder when 11846 is divided by 215?
21
Calculate the remainder when 26800 is divided by 14.
4
What is the remainder when 1023 is divided by 854?
169
Calculate the remainder when 23294 is divided by 7.
5
What is the remainder when 1244395 is divided by 89?
86
Calculate the remainder when 65101 is divided by 65097.
4
What is the remainder when 94691 is divided by 615?
596
Calculate the remainder when 52510 is divided by 860.
50
Calculate the remainder when 61116 is divided by 101.
11
Calculate the remainder when 306420 is divided by 1540.
1500
Calculate the remainder when 4824 is divided by 371.
1
What is the remainder when 898391 is divided by 492?
491
What is the remainder when 1305999 is divided by 10?
9
Calculate the remainder when 9085998 is divided by 236.
234
What is the remainder when 35170 is divided by 7029?
25
What is the remainder when 2629 is divided by 106?
85
What is the remainder when 55159 is divided by 52?
39
Calculate the remainder when 2011 is divided by 178.
53
Calculate the remainder when 21538 is divided by 10.
8
What is the remainder when 484 is divided by 159?
7
Calculate the remainder when 542870 is divided by 6.
2
What is the remainder when 28323 is divided by 538?
347
What is the remainder when 3274 is divided by 234?
232
What is the remainder when 219 is divided by 154?
65
What is the remainder when 71605 is divided by 138?
121
Calculate the remainder when 2379 is divided by 110.
69
What is the remainder when 1861 is divided by 88?
13
Calculate the remainder when 12733 is divided by 4195.
148
Calculate the remainder when 10753 is divided by 136.
9
Calculate the remainder when 248543 is divided by 55.
53
Calculate the remainder when 2644 is divided by 146.
16
What is the remainder when 13340 is divided by 430?
10
What is the remainder when 98256 is divided by 1403?
46
What is the remainder when 21491 is divided by 269?
240
What is the remainder when 100962 is divided by 19?
15
Calculate the remainder when 6929 is divided by 45.
44
What is the remainder when 767309 is divided by 16?
13
What is the remainder when 102754 is divided by 487?
484
Calculate the remainder when 892997 is divided by 76.
73
What is the remainder when 334 is divided by 174?
160
Calculate the remainder when 5893 is divided by 1943.
64
Calculate the remainder when 2159549 is divided by 33.
29
What is the remainder when 49205 is divided by 9?
2
What is the remainder when 2326 is divided by 454?
56
What is the remainder when 80661 is divided by 26882?
15
Calculate the remainder when 11974 is divided by 179.
160
What is the remainder when 48312 is divided by 118?
50
Calculate the remainder when 13535 is divided by 53.
20
What is the remainder when 2239 is divided by 1036?
167
What is the remainder when 14853 is divided by 4949?
6
Calculate the remainder when 1248 is divided by 48.
0
Calculate the remainder when 122942 is divided by 107.
106
Calculate the remainder when 59240 is divided by 132.
104
Calculate the remainder when 866 is divided by 351.
164
What is the remainder when 2135 is divided by 249?
143
Calculate the remainder when 9329 is divided by 628.
537
Calculate the remainder when 5497 is divided by 2746.
5
Calculate the remainder when 2114199 is divided by 26.
9
Calculate the remainder when 44074 is divided by 1922.
1790
What is the remainder when 22284 is divided by 55?
9
What is the remainder when 4496 is divided by 1094?
120
Calculate the remainder when 156643 is divided by 14.
11
What is the remainder when 129164 is divided by 9?
5
Calculate the remainder when 2527 is divided by 358.
21
Calculate the remainder when 2312 is divided by 2005.
307
What is the remainder when 184394 is divided by 274?
266
What is the remainder when 26078 is divided by 8?
6
What is the remainder when 16256 is divided by 5057?
1085
What is the remainder when 18160 is divided by 454?
0
Calculate the remainder when 2335 is divided by 776.
7
What is the remainder when 686 is divided by 8?
6
What is the remainder when 2707 is divided by 158?
21
Calculate the remainder when 14639 is divided by 25.
14
What is the remainder when 701248 is divided by 102?
100
Calculate the remainder when 83887 is divided by 1589.
1259
Calculate the remainder when 8123 is divided by 2590.
353
Calculate the remainder when 219951 is divided by 846.
837
Calculate the remainder when 7155 is divided by 52.
31
What is the remainder when 4693 is divided by 25?
18
Calculate the remainder when 659 is divided by 165.
164
Calculate the remainder when 2854 is divided by 695.
74
Calculate the remainder when 2031184 is divided by 111.
106
Calculate the remainder when 69752 is divided by 103.
21
Calculate the remainder when 2091 is divided by 1065.
1026
What is the remainder when 57495 is divided by 15?
0
What is the remainder when 1418 is divided by 1394?
24
What is the remainder when 11473 is divided by 15?
13
What is the remainder when 64828 is divided by 649?
577
Calculate the remainder when 76633 is divided by 322.
319
Calculate the remainder when 4530 is divided by 609.
267
What is the remainder when 203599 is divided by 400?
399
What is the remainder when 79156 is divided by 16?
4
What is the remainder when 924527 is divided by 98?
93
Calculate the remainder when 19121 is divided by 1890.
221
Calculate the remainder when 378199 is divided by 346.
21
What is the remainder when 6663 is divided by 117?
111
What is the remainder when 5070 is divided by 92?
10
Calculate the remainder when 483298 is divided by 96653.
33
Calculate the remainder when 13289 is divided by 173.
141
What is the remainder when 91909 is divided by 525?
34
Calculate the remainder when 209954 is divided by 303.
278
Calculate the remainder when 1682193 is divided by 551.
541
What is the remainder when 499661 is divided by 166550?
11
Calculate the remainder when 47102 is divided by 47074.
28
Calculate the remainder when 686 is divided by 43.
41
Calculate the remainder when 22430 is divided by 51.
41
What is the remainder when 226320 is divided by 4191?
6
What is the remainder when 1886 is divided by 37?
36
Calculate the remainder when 13156 is divided by 454.
444
What is the remainder when 4708 is divided by 585?
28
Calculate the remainder when 5796 is divided by 251.
23
What is the remainder when 63117 is divided by 4854?
15
What is the remainder when 9874 is divided by 4174?
1526
Calculate the remainder when 85468 is divided by 22.
20
What is the remainder when 2490151 is divided by 424?
423
What is the remainder when 54041 is divided by 273?
260
What is the remainder when 334567 is divided by 104?
103
Calculate the remainder when 4645 is divided by 167.
136
What is the remainder when 16083 is divided by 91?
67
What is the remainder when 44323 is divided by 14774?
1
What is the remainder when 25520 is divid